ts digit of 208956815?
5
What is the hundred millions digit of 1820169162?
8
What is the hundred millions digit of 1252877133?
2
What is the hundred millions digit of 144423190?
1
What is the units digit of 405995521?
1
What is the units digit of 691508495?
5
What is the hundreds digit of 664259544?
5
What is the millions digit of 2587536493?
7
What is the ten millions digit of 195495642?
9
What is the hundred thousands digit of 111455868?
4
What is the ten thousands digit of 561434465?
3
What is the tens digit of 139769049?
4
What is the hundreds digit of 90560829?
8
What is the millions digit of 229242658?
9
What is the tens digit of 49819977?
7
What is the ten thousands digit of 30135255?
3
What is the ten millions digit of 48474028?
4
What is the hundreds digit of 5422573348?
3
What is the hundred thousands digit of 272590252?
5
What is the units digit of 114063143?
3
What is the ten thousands digit of 202944462?
4
What is the hundred millions digit of 6859157879?
8
What is the units digit of 979133236?
6
What is the hundred thousands digit of 124701248?
7
What is the ten millions digit of 396861962?
9
What is the billions digit of 1311498123?
1
What is the units digit of 16969288?
8
What is the hundred thousands digit of 474929303?
9
What is the thousands digit of 128396362?
6
What is the millions digit of 87024734?
7
What is the units digit of 690962269?
9
What is the units digit of 64293397?
7
What is the millions digit of 41884012?
1
What is the units digit of 207134390?
0
What is the ten thousands digit of 136461403?
6
What is the millions digit of 56885184?
6
What is the hundreds digit of 2503060?
0
What is the units digit of 1607972815?
5
What is the thousands digit of 785194912?
4
What is the tens digit of 1163990597?
9
What is the millions digit of 548099739?
8
What is the tens digit of 4539859?
5
What is the millions digit of 8586376?
8
What is the millions digit of 158363461?
8
What is the ten thousands digit of 1721583618?
8
What is the ten thousands digit of 33132405?
3
What is the units digit of 33871374?
4
What is the hundred thousands digit of 1017787895?
7
What is the hundred thousands digit of 45530939?
5
What is the hundred millions digit of 1123415008?
1
What is the thousands digit of 840365495?
5
What is the thousands digit of 2214825?
4
What is the ten thousands digit of 77390744?
9
What is the millions digit of 159014080?
9
What is the units digit of 1328823830?
0
What is the units digit of 91860492?
2
What is the hundred thousands digit of 815709057?
7
What is the ten millions digit of 2137453079?
3
What is the units digit of 387917459?
9
What is the hundred thousands digit of 457658947?
6
What is the hundred thousands digit of 3258599720?
5
What is the hundreds digit of 69061651?
6
What is the units digit of 86483778?
8
What is the units digit of 3301948623?
3
What is the units digit of 33077502?
2
What is the millions digit of 75900421?
5
What is the hundred thousands digit of 426738417?
7
What is the thousands digit of 67983134?
3
What is the ten thousands digit of 1564667598?
6
What is the hundred thousands digit of 698969161?
9
What is the thousands digit of 400985945?
5
What is the billions digit of 1961393941?
1
What is the units digit of 16400023?
3
What is the hundreds digit of 10060302?
3
What is the units digit of 3973907913?
3
What is the hundred thousands digit of 241954439?
9
What is the thousands digit of 84415875?
5
What is the millions digit of 498489359?
8
What is the units digit of 122450859?
9
What is the units digit of 39510631?
1
What is the thousands digit of 23904039?
4
What is the hundreds digit of 41536624?
6
What is the hundreds digit of 3191109?
1
What is the millions digit of 99309134?
9
What is the ten millions digit of 1702405732?
0
What is the thousands digit of 220646166?
6
What is the thousands digit of 31588875?
8
What is the units digit of 584191505?
5
What is the tens digit of 2775068806?
0
What is the hundred thousands digit of 4779110405?
1
What is the millions digit of 87840867?
7
What is the hundred millions digit of 648740103?
6
What is the ten millions digit of 885964255?
8
What is the hundred millions digit of 4880889040?
8
What is the thousands digit of 137448649?
8
What is the hundreds digit of 2512769735?
7
What is the millions digit of 1889103551?
9
What is the units digit of 7048037521?
1
What is the units digit of 27520566?
6
What is the hundred thousands digit of 7139999082?
9
What is the hundreds digit of 56411050?
0
What is the ten millions digit of 67992198?
6
What is the units digit of 5976297948?
8
What is the units digit of 9024265962?
2
What is the thousands digit of 379296784?
6
What is the ten millions digit of 114561474?
1
What is the hundred thousands digit of 66965298?
9
What is the hundreds digit of 817073506?
5
What is the hundreds digit of 85949120?
1
What is the ten thousands digit of 534104190?
0
What is the hundred thousands digit of 2254549667?
5
What is the millions digit of 528583834?
8
What is the hundred millions digit of 2199359156?
1
What is the ten thousands digit of 1185881355?
8
What is the millions digit of 71793830?
1
What is the units digit of 38656711?
1
What is the hundred millions digit of 2568128725?
5
What is the hundred thousands digit of 251033411?
0
What is the ten millions digit of 587547914?
8
What is the hundreds digit of 3060847?
8
What is the tens digit of 16842007?
0
What is the millions digit of 110965812?
0
What is the thousands digit of 1362834612?
4
What is the hundred thousands digit of 8019662840?
6
What is the hundred thousands digit of 3189583990?
5
What is the hundred thousands digit of 57803034?
8
What is the units digit of 97267917?
7
What is the ten thousands digit of 2282575879?
7
What is the ten millions digit of 42958015?
4
What is the ten thousands digit of 1507912429?
1
What is the hundred thousands digit of 36568327?
5
What is the ten millions digit of 84718297?
8
What is the ten millions digit of 256136566?
5
What is the hundred thousands digit of 1341808582?
8
What is the units digit of 8981231?
1
What is the units digit of 12900203?
3
What is the millions digit of 27758023?
7
What is the tens digit of 470035846?
4
What is the tens digit of 94246432?
3
What is the hundred millions digit of 6148089048?
1
What is the hundreds digit of 425667320?
3
What is the hundreds digit of 60234866?
8
What is the ten thousands digit of 75001412?
0
What is the tens digit of 44702572?
7
What is the millions digit of 73865443?
3
What is the hundred thousands digit of 4533300717?
3
What is the ten millions digit of 764805416?
6
What is the millions digit of 92361263?
2
What is the millions digit of 36860146?
6
What is the millions digit of 26702780?
6
What is the tens digit of 109580109?
0
What is the ten millions digit of 1071983172?
7
What is the millions digit of 549587409?
9
What is the ten millions digit of 497194424?
9
What is the hundred thousands digit of 54296384?
2
What is the ten thousands digit of 692118065?
1
What is the ten millions digit of 195807508?
9
What is the millions digit of 34193572?
4
What is the thousands digit of 60607825?
7
What is the ten thousands digit of 10867533?
6
What is the thousands digit of 2095994047?
4
What is the tens digit of 8213347352?
5
What is the hundred millions digit of 3685882111?
6
What is the tens digit of 39632268?
6
What is the millions digit of 28455122?
8
What is the millions digit of 22978021?
2
What is the ten thousands digit of 190268447?
6
What is the millions digit of 7396792?
7
What is the hundred millions digit of 488276461?
4
What is the hundreds digit of 68894185?
1
What is the hundred thousands digit of 722382228?
3
What is the units digit of 1024243619?
9
What is the ten millions digit of 602668486?
0
What is the units digit of 26094448?
8
What is the hundred millions digit of 212277187?
2
What is the ten millions digit of 803160079?
0
What is the ten millions digit of 2083576653?
8
What is the hundred thousands digit of 2607614949?
6
What is the ten thousands digit of 1267734925?
3
What is the thousands digit of 1527050420?
0
What is the ten thousands digit of 352377573?
7
What is the hundreds digit of 97806289?
2
What is the ten millions digit of 1